Let f(a) = 13*a**2 + 11*a - 30. Let g(b) = -7*b**2 - 6*b + 14. Let y(j) = -6*f(j) - 11*g(j). Give y(0).
26
Let f = 9 + -10. Let o(x) = -x**3 + 2*x**2 + x + 1. Let v be o(2). Let i(s) = v*s**2 - 22 + s - 24 + 46. Calculate i(f).
2
Let s(z) be the third derivative of z**6/120 + 2*z**5/15 - 5*z**3/6 + 5*z**2 + 8. What is s(-8)?
-5
Let w(m) = 4*m - 5. Suppose c - 4*c = -2*y - 2, 0 = -2*c + 8. Give w(y).
15
Let g(q) = -3*q + 15. Let y be (-4 + (1 - -1) - -3)*5. What is g(y)?
0
Suppose 0 = -37*b - 35 - 39. Let q(f) = f**2 + 1. What is q(b)?
5
Let b = 28 + -28. Let t(y) = b*y**3 - 2*y**2 + 10*y - y**3 - 2 - 6*y. Give t(-4).
14
Let r be 6/9*(-30)/(-4) + 1. Let p(g) be the first derivative of r*g + 1/3*g**3 - 3*g**2 - 3. Determine p(4).
-2
Let o(v) be the third derivative of v**7/840 + v**6/120 - v**5/120 - v**4/8 + 22*v**3/3 + 3*v**2. Let d(i) be the first derivative of o(i). What is d(-3)?
0
Let j = 268 - 260. Let f(x) = -2*x + 11. Give f(j).
-5
Let u(f) = -15*f + 21*f + 11*f + 2*f**2 - 19. Let p(t) = -t**2 - 8*t + 9. Let j(l) = -7*p(l) - 3*u(l). Suppose -m - m = 12. What is j(m)?
0
Let u(v) = -2*v**2 - 2*v + 2*v + 2. Let l = 45 - 45. Let z(o) = -o**2 + 2*o - 2. Let b be z(l). Calculate u(b).
-6
Let d(u) = 2*u**3 + 6*u**2 - 2*u - 2. Let b be (-7)/(140/10)*6. Calculate d(b).
4
Let h be 12/(-14) - 108/(-28). Let a(l) be the third derivative of -1/6*l**4 - 4*l**2 - 1/60*l**5 + 0 + 0*l + l**h. Calculate a(-5).
1
Let b(d) = 2*d**3 + 2*d + 14*d**2 + 9*d - 9*d**2. Let n(v) = 2*v**3 + 6*v + 2*v**2 - v**3 - v. Let x(s) = -4*b(s) + 9*n(s). Determine x(2).
2
Suppose 4*u + 3*z = -26, -5*u - 2*z = -7*u - 6. Let g(q) = 6*q - 2. Determine g(u).
-32
Let d(o) = 24 + 11*o**2 - 11*o**2 - 7*o**2 + o. Let v(x) = 6*x**2 - x - 24. Let m(c) = 5*d(c) + 6*v(c). What is m(0)?
-24
Let g(n) be the second derivative of 29*n - 1/12*n**4 + 0 - 9*n**2 + 7/3*n**3. Calculate g(12).
6
Let k be 8 - (-3 + 2 + 3). Let y = 24 + -16. Let n(s) = 5*s**2 + 26*s + 16. Let u(o) = 2*o**2 + 9*o + 5. Let v(m) = y*u(m) - 3*n(m). Calculate v(k).
-8
Let a be (-6)/(-4)*2*-2. Let h be (-2 - -1)/(a/18). Let v be (-121)/(-33) + (-2)/h. Let d(l) = l**2 - 3*l + 4. Give d(v).
4
Let r(b) be the first derivative of b**4/4 + 16*b**3/3 + 15*b**2/2 + b + 16. What is r(-15)?
1
Let a = -365 + 353. Let y(q) = -3*q - 27. Calculate y(a).
9
Let s(k) = -k**3 - 7*k**2 - 4. Let y(m) = m**3 + 2*m**2 - m - 6. Let o be y(4). Suppose 0 = -4*i - 114 + o. Determine s(i).
-4
Let t(d) = d**2 + 7*d - 8. Let m be (-7)/(49/35) - 1. Calculate t(m).
-14
Let t(i) be the second derivative of -i**3/6 + 2*i**2 - 10*i. Let u = 21 + -15. What is t(u)?
-2
Let s(w) = -21 + 60 + w - 21 - 24. Let k(f) = -f**2 - 8*f - 6. Let j be k(-5). Give s(j).
3
Let k(d) = -d**2 + d**3 + 0*d + 4 + d - 5*d. Let n(j) = j**3 + 14*j**2 - 34*j - 29. Let u be n(-16). Calculate k(u).
10
Let q = 0 - -2. Let w(o) = 10*o**2 + 2*o - 1. Let l(d) = 2*d**2. Let u(p) = -4*l(p) + w(p). Calculate u(q).
11
Let t = -25 - -27. Let r(k) = -5*k**3 - 2*k**t + 4 - 2*k + 3*k**3 - 2. What is r(-2)?
14
Let b(o) = -o**3 + 5*o**2 - o - 2. Suppose -3*c + 2*c + z + 10 = 0, 8 = -2*z. Let p be c/15 + 28/(-20). Let l = p - -3. Give b(l).
8
Let w(r) = 8*r**2. Let x(v) = 62*v**2. Let l(q) = -93*q**2. Let d(f) = -5*l(f) - 7*x(f). Let t(p) = -2*d(p) + 9*w(p). Give t(-1).
10
Suppose -5*j + 0 = 10. Let b be ((-8)/j)/(10 + -8). Let w(o) = -o**3 + 2*o**2 - o + 2. Determine w(b).
0
Let g(o) = -2*o**2 - 2*o - 4. Suppose 12 - 28 = 4*j. Calculate g(j).
-28
Let c(r) = r + 3. Let b(g) = -1. Let z(j) = -7*b(j) - 3*c(j). Calculate z(-2).
4
Let g(q) = -4*q**2 + 1. Let h(k) = 19*k**2 - 6*k - 1. Let u(j) = -5*g(j) - h(j). Calculate u(-9).
23
Let n = 306 + -314. Let b(l) = l**2 + 9*l - 7. Calculate b(n).
-15
Let v(o) = 2*o + o**3 + o - 3 - 10 + 6 + 2*o**2 + 4*o**2. Determine v(-6).
-25
Suppose 185*t + 45 = 188*t. Let h(i) = -i + 15. Determine h(t).
0
Let m(c) = c**3 + 5*c**2 - 5*c + 8. Let n be -5 - (12 + -9 + (-3 - -1)). Let y be m(n). Let i(s) = s**3 - 2*s. Give i(y).
4
Let i = 106 - 109. Let z(b) = -b**2 - b - 4. Calculate z(i).
-10
Let w(t) = t**2 + 6*t + 3. Let p be w(-6). Let d = p - 2. Let b(x) = -2*x - 1 - d + 4. What is b(-3)?
8
Let y(t) be the first derivative of 7/3*t**3 + t + 39 + 1/4*t**4 - 1/2*t**2. Give y(-7).
8
Let f(z) be the second derivative of z**4/12 - z**3/6 + 49*z**2/2 - 4*z + 4. Give f(0).
49
Suppose -3*g - 12 = 0, -4*x - 4*g + g = 48. Let s(d) = -4*d. What is s(x)?
36
Let i(w) = -6*w**3 - 799*w**2 - 13*w**3 + 3*w**3 + 798*w**2. Give i(-1).
15
Let n(w) = -10*w**2 + 6*w + 1. Suppose 12 - 6 = -6*k. Let m(v) = -v**2 + v. Let t(z) = k*n(z) + 5*m(z). Calculate t(-2).
21
Let o(c) = -24*c + 5. Let h(k) = -11*k + 2. Let m(d) = -13*h(d) + 6*o(d). Give m(-6).
10
Let g(f) = -16*f**3 - f**2 - 2*f + 7. Let s(a) = 7*a**3 + a**2 + a - 3. Let m(c) = 3*g(c) + 7*s(c). Give m(-4).
-4
Let r(m) = -6 + m**2 + 6*m + 7 - 4. Determine r(-5).
-8
Let o = -552 + 548. Let l(t) = t**2 + 5*t + 4. Determine l(o).
0
Let l be (-630)/(-420) - (-13)/(-2). Let a(x) = 5*x - 3. Let b(i) = 4*i - 2. Let o(p) = -3*a(p) + 4*b(p). What is o(l)?
-4
Let u(x) = -4*x**2 + 10*x + 5. Let w(o) = 5*o**2 - 11*o - 6. Let s(p) = 7*u(p) + 6*w(p). Suppose 0 = -y + 4*b - 15, 10*b - 15*b = -4*y - 27. Determine s(y).
5
Let w(k) = -144 + k + 147 + 0*k + k. Determine w(4).
11
Let p(g) = -g**3 - 3*g**2 + 4*g + 7. Let i = -1695 + 1692. Determine p(i).
-5
Let v(p) = -4*p - 44. Let a(x) = -2*x**2 + 12*x + 70. Let w be a(-4). Calculate v(w).
-4
Let z(j) be the second derivative of 4*j**3/3 + j**2 - 3*j. Suppose -36*a = 5 - 77. Determine z(a).
18
Suppose -2*o + 7*o + 4*z = 275, 2*o - 2*z - 92 = 0. Suppose -o = -15*p + 84. Let b(x) = -x. Determine b(p).
-9
Let a(w) = -7*w**3 + 8*w**2 + 15*w - 15. Let u(s) = -6*s**3 + 8*s**2 + 13*s - 17. Let h(m) = 5*a(m) - 6*u(m). Determine h(8).
3
Let g(s) = s**3 + 9*s**2 - 8*s + 24. Let d be (12/(-18))/(3/135*3). Determine g(d).
4
Let z(d) = -5*d**2 + 2*d - 7. Let h(y) = 4*y**2 - y + 7. Let s(x) = -6*h(x) - 5*z(x). Let f = -70 - -46. Let g be (f/(-10))/(6/15). Give s(g).
5
Let x = -13 - -13. Suppose -3*z + 27 = -x*z. Let q(w) = -z + w**2 - 3*w**2 + 3*w + 9 - 4. Give q(3).
-13
Let p(v) = 2*v - 1. Let o be p(-2). Let f(w) = -37*w**3 - 31*w**3 + 1 + 134*w**3 + w + 5*w**2 - 33*w**3 - 32*w**3. Give f(o).
-4
Let n(w) = w**3 - 19*w**2 + 17*w + 17. Let b be 3/(81/12) - 1580/(-90). What is n(b)?
-1
Let j(h) = 5*h**3 - 11*h**2 - 8. Let v(d) = -4*d**3 + 10*d**2 - d + 8. Let o(a) = -5*j(a) - 6*v(a). Let y(g) = -2*g - 2. Let n be y(2). Give o(n).
-8
Let b(l) = -l**3 - 8*l**2 - 8*l - 5. Let t be b(-7). Let a(h) = -2 + 82*h**t - h**3 - 2*h - 1 + 0*h - 88*h**2. Determine a(-6).
9
Let p(j) = 3*j + 2. Let g = 4 + -8. Let w be g/(-10) + (-27)/(-45). Let b = 3 - w. Determine p(b).
8
Let k(s) = -3*s + 52. Let l be k(16). Let h(n) = 3*n**3 + 3 + 7*n**2 - 4*n**3 - l + 6*n - 12*n**2. Suppose -17 = 2*m + t, -m + t + 3 = 4. Determine h(m).
-1
Let w(s) be the first derivative of -s**2/2 - 2*s + 164. Calculate w(-1).
-1
Let k(q) be the second derivative of -q**5/20 + q**4/3 - q**2 + 70*q. Give k(4).
-2
Let w(a) = 11*a + 4. Suppose 3*l + 4*d = 15, 25*d = -2*l + 30*d - 13. Give w(l).
15
Let a(n) be the first derivative of -3*n**2/2 - n - 266. Give a(-3).
8
Let a(t) be the third derivative of 0*t - 1/30*t**5 - 1/3*t**3 + 0 + 16*t**2 - 1/12*t**4 + 1/120*t**6. Let r = 0 - -3. Give a(r).
1
Let h(c) be the third derivative of c**5/60 + c**4/3 + 5*c**3/6 + 22*c**2. Let d(f) = f**2 + 10*f - 19. Let v be d(-11). Determine h(v).
5
Let s(g) be the first derivative of -3*g**2/2 - 2*g - 257. Determine s(-7).
19
Let b(z) = -5*z**2 - 2*z - 3. Let l be b(-1). Let r(i) = -i**2 + 4*i - 1. Let a(u) = 2*u**2 - 5*u + 2. Let o(f) = l*r(f) - 4*a(f). Give o(-2).
-2
Let f(k) = 2*k - 6. Let q(y) = -2*y + 7. Let s(a) = 6*f(a) + 5*q(a). Suppose -o + 0 + 4 = 0. Calculate s(o).
7
Let q(i) = -i**2 + 14*i + 30. Suppose 2*z - 132*x - 32 = -130*x, 0 = -5*x. What is q(z)?
-2
Let k(n) = n**2 - 18 - 21*n - 19*n + 15*n + 31*n. Determine k(-8).
-2
Let a(j) = -j - 6. Suppose c = -5*q + 148 + 87, 0 = -3*c. Let x = -53 + q. Calculate a(x).
0
Let s(u) = u**3 + 6*u**2 - u - 4. Let z be s(-6). Let a(k) = -k - 1. Let h(t) = 2 - 2 + t + 3*t. Let v(f) = 2*a(f) + h(f). Give v(z).
2
Let i be 